{"id":28,"date":"2022-03-22T16:43:09","date_gmt":"2022-03-23T04:43:09","guid":{"rendered":"https:\/\/startertemplatecloud.com\/g42\/?page_id=5"},"modified":"2024-09-29T20:07:01","modified_gmt":"2024-09-30T08:07:01","slug":"stronaglowna","status":"publish","type":"page","link":"https:\/\/bip.mzk.bydgoszcz.pl\/","title":{"rendered":"Strona G\u0142\u00f3wna"},"content":{"rendered":"<style>.kb-row-layout-id28_721ad0-ac > .kt-row-column-wrap{align-content:start;}:where(.kb-row-layout-id28_721ad0-ac > .kt-row-column-wrap) > .wp-block-kadence-column{justify-content:start;}.kb-row-layout-id28_721ad0-ac > .kt-row-column-wrap{column-gap:0px;row-gap:var(--global-kb-gap-none, 0 );max-width:2000px;margin-left:auto;margin-right:auto;grid-template-columns:minmax(0, 40%) minmax(0, 20%) minmax(0, 40%);}.kb-row-layout-id28_721ad0-ac{background-image:linear-gradient(135deg,rgb(6,147,227) 41%,rgb(20,39,109) 91%);}.kb-row-layout-id28_721ad0-ac > .kt-row-layout-overlay{opacity:0.30;}.kb-row-layout-id28_721ad0-ac .kt-row-layout-bottom-sep{height:100px;}.kb-row-layout-id28_721ad0-ac .kt-row-layout-bottom-sep svg{width:100%;}.kb-row-layout-id28_721ad0-ac .kt-row-layout-bottom-sep svg{fill:#ffffff!important;}.kb-row-layout-id28_721ad0-ac .kt-row-layout-top-sep{height:100px;}.kb-row-layout-id28_721ad0-ac .kt-row-layout-top-sep svg{fill:#ffffff!important;}@media all and (max-width: 1024px){.kb-row-layout-id28_721ad0-ac > .kt-row-column-wrap{grid-template-columns:repeat(3, minmax(0, 1fr));}}@media all and (max-width: 1024px){.kb-row-layout-id28_721ad0-ac .kt-row-layout-bottom-sep{height:px;}}@media all and (max-width: 1024px){.kb-row-layout-id28_721ad0-ac .kt-row-layout-bottom-sep svg{width:%;}}@media all and (max-width: 767px){.kb-row-layout-id28_721ad0-ac > .kt-row-column-wrap{grid-template-columns:minmax(0, 1fr);}.kb-row-layout-id28_721ad0-ac .kt-row-layout-bottom-sep{height:px;}.kb-row-layout-id28_721ad0-ac .kt-row-layout-bottom-sep svg{width:%;}}<\/style><div class=\"kb-row-layout-wrap kb-row-layout-id28_721ad0-ac alignnone kt-row-has-bg wp-block-kadence-rowlayout\"><div class=\"kt-row-layout-top-sep kt-row-sep-type-ctd\"><svg viewBox=\"0 0 1000 100\" preserveAspectRatio=\"none\"><path d=\"M1000,0l-500,98l-500,-98l0,100l1000,0l0,-100Z\" style=\"opacity: 0.4\" \/><path d=\"M1000,20l-500,78l-500,-78l0,80l1000,0l0,-80Z\" \/><\/svg><\/div><div class=\"kt-row-layout-bottom-sep kt-row-sep-type-ctd\"><svg viewBox=\"0 0 1000 100\" preserveAspectRatio=\"none\"><path d=\"M1000,0l-500,98l-500,-98l0,100l1000,0l0,-100Z\" style=\"opacity: 0.4\" \/><path d=\"M1000,20l-500,78l-500,-78l0,80l1000,0l0,-80Z\" \/><\/svg><\/div><div class=\"kt-row-column-wrap kt-has-3-columns kt-row-layout-equal kt-tab-layout-inherit kt-mobile-layout-row kt-row-valign-top\">\n<style>.kadence-column28_d52d46-79 > .kt-inside-inner-col,.kadence-column28_d52d46-79 > .kt-inside-inner-col:before{border-top-left-radius:0px;border-top-right-radius:0px;border-bottom-right-radius:0px;border-bottom-left-radius:0px;}.kadence-column28_d52d46-79 > .kt-inside-inner-col{column-gap:var(--global-kb-gap-sm, 1rem);}.kadence-column28_d52d46-79 > .kt-inside-inner-col{flex-direction:column;}.kadence-column28_d52d46-79 > .kt-inside-inner-col > .aligncenter{width:100%;}.kadence-column28_d52d46-79 > .kt-inside-inner-col:before{opacity:0.3;}.kadence-column28_d52d46-79{position:relative;}@media all and (max-width: 1024px){.kadence-column28_d52d46-79 > .kt-inside-inner-col{flex-direction:column;}}@media all and (max-width: 767px){.kadence-column28_d52d46-79 > .kt-inside-inner-col{flex-direction:column;}}<\/style>\n<div class=\"wp-block-kadence-column kadence-column28_d52d46-79\"><div class=\"kt-inside-inner-col\"><style>.kb-image28_ff3ebf-76.kb-image-is-ratio-size, .kb-image28_ff3ebf-76 .kb-image-is-ratio-size{max-width:411px;width:100%;}.wp-block-kadence-column > .kt-inside-inner-col > .kb-image28_ff3ebf-76.kb-image-is-ratio-size, .wp-block-kadence-column > .kt-inside-inner-col > .kb-image28_ff3ebf-76 .kb-image-is-ratio-size{align-self:unset;}.kb-image28_ff3ebf-76 figure{max-width:411px;}.kb-image28_ff3ebf-76 .image-is-svg, .kb-image28_ff3ebf-76 .image-is-svg img{width:100%;}.kb-image28_ff3ebf-76 .kb-image-has-overlay:after{opacity:0.3;}.kb-image28_ff3ebf-76 img.kb-img, .kb-image28_ff3ebf-76 .kb-img img{-webkit-mask-image:url(https:\/\/bip.mzk.bydgoszcz.pl\/wp-content\/plugins\/kadence-blocks\/includes\/assets\/images\/masks\/hexagon.svg);mask-image:url(https:\/\/bip.mzk.bydgoszcz.pl\/wp-content\/plugins\/kadence-blocks\/includes\/assets\/images\/masks\/hexagon.svg);-webkit-mask-size:auto;mask-size:auto;-webkit-mask-repeat:no-repeat;mask-repeat:no-repeat;-webkit-mask-position:center;mask-position:center;}<\/style>\n<div class=\"wp-block-kadence-image kb-image28_ff3ebf-76\"><figure class=\"aligncenter\"><img loading=\"lazy\" decoding=\"async\" width=\"2560\" height=\"1707\" src=\"https:\/\/bip.mzk.bydgoszcz.pl\/wp-content\/uploads\/2023\/10\/20190503_092217-edited-scaled.jpg\" alt=\"\" class=\"kb-img wp-image-20\" srcset=\"https:\/\/bip.mzk.bydgoszcz.pl\/wp-content\/uploads\/2023\/10\/20190503_092217-edited-scaled.jpg 2560w, https:\/\/bip.mzk.bydgoszcz.pl\/wp-content\/uploads\/2023\/10\/20190503_092217-edited-300x200.jpg 300w, https:\/\/bip.mzk.bydgoszcz.pl\/wp-content\/uploads\/2023\/10\/20190503_092217-edited-1024x683.jpg 1024w, https:\/\/bip.mzk.bydgoszcz.pl\/wp-content\/uploads\/2023\/10\/20190503_092217-edited-768x512.jpg 768w, https:\/\/bip.mzk.bydgoszcz.pl\/wp-content\/uploads\/2023\/10\/20190503_092217-edited-1536x1024.jpg 1536w, https:\/\/bip.mzk.bydgoszcz.pl\/wp-content\/uploads\/2023\/10\/20190503_092217-edited-2048x1365.jpg 2048w\" sizes=\"auto, (max-width: 2560px) 100vw, 2560px\" \/><\/figure><\/div>\n<\/div><\/div>\n\n\n<style>.kadence-column28_6aab97-20 > .kt-inside-inner-col{display:flex;}.kadence-column28_6aab97-20 > .kt-inside-inner-col,.kadence-column28_6aab97-20 > .kt-inside-inner-col:before{border-top-left-radius:0px;border-top-right-radius:0px;border-bottom-right-radius:0px;border-bottom-left-radius:0px;}.kadence-column28_6aab97-20 > .kt-inside-inner-col{row-gap:0px;column-gap:0px;}.kadence-column28_6aab97-20 > .kt-inside-inner-col{flex-direction:column;justify-content:center;}.kadence-column28_6aab97-20 > .kt-inside-inner-col > .aligncenter{width:100%;}.kt-row-column-wrap > .kadence-column28_6aab97-20{align-self:center;}.kt-inner-column-height-full:not(.kt-has-1-columns) > .wp-block-kadence-column.kadence-column28_6aab97-20{align-self:auto;}.kt-inner-column-height-full:not(.kt-has-1-columns) > .wp-block-kadence-column.kadence-column28_6aab97-20 > .kt-inside-inner-col{flex-direction:column;justify-content:center;}.kadence-column28_6aab97-20 > .kt-inside-inner-col:before{opacity:0.3;}.kadence-column28_6aab97-20{text-align:left;}.kadence-column28_6aab97-20{position:relative;}@media all and (max-width: 1024px){.kadence-column28_6aab97-20 > .kt-inside-inner-col{flex-direction:column;}}@media all and (max-width: 767px){.kadence-column28_6aab97-20 > .kt-inside-inner-col{flex-direction:column;}}<\/style>\n<div class=\"wp-block-kadence-column kadence-column28_6aab97-20 kb-section-dir-vertical\"><div class=\"kt-inside-inner-col\"><style>.kb-image28_eb45f0-dc.kb-image-is-ratio-size, .kb-image28_eb45f0-dc .kb-image-is-ratio-size{max-width:213px;width:100%;}.wp-block-kadence-column > .kt-inside-inner-col > .kb-image28_eb45f0-dc.kb-image-is-ratio-size, .wp-block-kadence-column > .kt-inside-inner-col > .kb-image28_eb45f0-dc .kb-image-is-ratio-size{align-self:unset;}.kb-image28_eb45f0-dc figure{max-width:213px;}.kb-image28_eb45f0-dc .image-is-svg, .kb-image28_eb45f0-dc .image-is-svg img{width:100%;}.kb-image28_eb45f0-dc .kb-image-has-overlay:after{opacity:0.3;}<\/style>\n<div class=\"wp-block-kadence-image kb-image28_eb45f0-dc\"><figure class=\"aligncenter\"><img loading=\"lazy\" decoding=\"async\" width=\"200\" height=\"144\" src=\"https:\/\/bip.mzk.bydgoszcz.pl\/wp-content\/uploads\/2023\/10\/cropped-mzk-logo-wb.png\" alt=\"\" class=\"kb-img wp-image-251\"\/><\/figure><\/div>\n<\/div><\/div>\n\n\n<style>.kadence-column28_4fd433-33 > .kt-inside-inner-col,.kadence-column28_4fd433-33 > .kt-inside-inner-col:before{border-top-left-radius:0px;border-top-right-radius:0px;border-bottom-right-radius:0px;border-bottom-left-radius:0px;}.kadence-column28_4fd433-33 > .kt-inside-inner-col{column-gap:var(--global-kb-gap-sm, 1rem);}.kadence-column28_4fd433-33 > .kt-inside-inner-col{flex-direction:column;}.kadence-column28_4fd433-33 > .kt-inside-inner-col > .aligncenter{width:100%;}.kadence-column28_4fd433-33 > .kt-inside-inner-col:before{opacity:0.3;}.kadence-column28_4fd433-33{position:relative;}@media all and (max-width: 1024px){.kadence-column28_4fd433-33 > .kt-inside-inner-col{flex-direction:column;}}@media all and (max-width: 767px){.kadence-column28_4fd433-33 > .kt-inside-inner-col{flex-direction:column;}}<\/style>\n<div class=\"wp-block-kadence-column kadence-column28_4fd433-33\"><div class=\"kt-inside-inner-col\"><style>.kb-image28_ceeea7-0a.kb-image-is-ratio-size, .kb-image28_ceeea7-0a .kb-image-is-ratio-size{max-width:372px;width:100%;}.wp-block-kadence-column > .kt-inside-inner-col > .kb-image28_ceeea7-0a.kb-image-is-ratio-size, .wp-block-kadence-column > .kt-inside-inner-col > .kb-image28_ceeea7-0a .kb-image-is-ratio-size{align-self:unset;}.kb-image28_ceeea7-0a figure{max-width:372px;}.kb-image28_ceeea7-0a .image-is-svg, .kb-image28_ceeea7-0a .image-is-svg img{width:100%;}.kb-image28_ceeea7-0a:not(.kb-image-is-ratio-size) .kb-img, .kb-image28_ceeea7-0a.kb-image-is-ratio-size{padding-right:0px;}.kb-image28_ceeea7-0a .kb-image-has-overlay:after{opacity:0.3;}.kb-image28_ceeea7-0a img.kb-img, .kb-image28_ceeea7-0a .kb-img img{border-top-color:rgba(243,10,10,0);border-top-style:double;border-right-color:rgba(243,10,10,0);border-right-style:double;border-bottom-color:rgba(243,10,10,0);border-bottom-style:double;border-left-color:rgba(243,10,10,0);border-left-style:double;background-color:#ffffff;-webkit-mask-image:url(https:\/\/bip.mzk.bydgoszcz.pl\/wp-content\/plugins\/kadence-blocks\/includes\/assets\/images\/masks\/hexagon.svg);mask-image:url(https:\/\/bip.mzk.bydgoszcz.pl\/wp-content\/plugins\/kadence-blocks\/includes\/assets\/images\/masks\/hexagon.svg);-webkit-mask-size:auto;mask-size:auto;-webkit-mask-repeat:no-repeat;mask-repeat:no-repeat;-webkit-mask-position:center;mask-position:center;}@media all and (max-width: 1024px){.kb-image28_ceeea7-0a img.kb-img, .kb-image28_ceeea7-0a .kb-img img{border-top-color:rgba(243,10,10,0);border-top-style:double;border-right-color:rgba(243,10,10,0);border-right-style:double;border-bottom-color:rgba(243,10,10,0);border-bottom-style:double;border-left-color:rgba(243,10,10,0);border-left-style:double;}}@media all and (max-width: 767px){.kb-image28_ceeea7-0a img.kb-img, .kb-image28_ceeea7-0a .kb-img img{border-top-color:rgba(243,10,10,0);border-top-style:double;border-right-color:rgba(243,10,10,0);border-right-style:double;border-bottom-color:rgba(243,10,10,0);border-bottom-style:double;border-left-color:rgba(243,10,10,0);border-left-style:double;}}<\/style>\n<div class=\"wp-block-kadence-image kb-image28_ceeea7-0a\"><figure class=\"aligncenter kb-filter-mayfair\"><img loading=\"lazy\" decoding=\"async\" width=\"2560\" height=\"1920\" src=\"https:\/\/bip.mzk.bydgoszcz.pl\/wp-content\/uploads\/2023\/10\/IMG_20200812_093320-scaled.jpg\" alt=\"\" class=\"kb-img wp-image-18\" srcset=\"https:\/\/bip.mzk.bydgoszcz.pl\/wp-content\/uploads\/2023\/10\/IMG_20200812_093320-scaled.jpg 2560w, https:\/\/bip.mzk.bydgoszcz.pl\/wp-content\/uploads\/2023\/10\/IMG_20200812_093320-300x225.jpg 300w, https:\/\/bip.mzk.bydgoszcz.pl\/wp-content\/uploads\/2023\/10\/IMG_20200812_093320-1024x768.jpg 1024w, https:\/\/bip.mzk.bydgoszcz.pl\/wp-content\/uploads\/2023\/10\/IMG_20200812_093320-768x576.jpg 768w, https:\/\/bip.mzk.bydgoszcz.pl\/wp-content\/uploads\/2023\/10\/IMG_20200812_093320-1536x1152.jpg 1536w, https:\/\/bip.mzk.bydgoszcz.pl\/wp-content\/uploads\/2023\/10\/IMG_20200812_093320-2048x1536.jpg 2048w\" sizes=\"auto, (max-width: 2560px) 100vw, 2560px\" \/><\/figure><\/div>\n<\/div><\/div>\n\n<\/div><\/div>\n\n<style>.kb-row-layout-id28_1e8e3a-b5 > .kt-row-column-wrap{align-content:start;}:where(.kb-row-layout-id28_1e8e3a-b5 > .kt-row-column-wrap) > .wp-block-kadence-column{justify-content:start;}.kb-row-layout-id28_1e8e3a-b5 > .kt-row-column-wrap{column-gap:var(--global-kb-gap-md, 2rem);row-gap:var(--global-kb-gap-md, 2rem);padding-top:var(--global-kb-spacing-sm, 1.5rem);padding-bottom:var(--global-kb-spacing-sm, 1.5rem);grid-template-columns:minmax(0, 1fr);}.kb-row-layout-id28_1e8e3a-b5 > .kt-row-layout-overlay{opacity:0.30;}@media all and (max-width: 1024px){.kb-row-layout-id28_1e8e3a-b5 > .kt-row-column-wrap{grid-template-columns:minmax(0, 1fr);}}@media all and (max-width: 767px){.kb-row-layout-id28_1e8e3a-b5 > .kt-row-column-wrap{grid-template-columns:minmax(0, 1fr);}}<\/style><div class=\"kb-row-layout-wrap kb-row-layout-id28_1e8e3a-b5 alignnone wp-block-kadence-rowlayout\"><div class=\"kt-row-column-wrap kt-has-1-columns kt-row-layout-equal kt-tab-layout-inherit kt-mobile-layout-row kt-row-valign-top\">\n<style>.kadence-column28_1824a7-1e > .kt-inside-inner-col,.kadence-column28_1824a7-1e > .kt-inside-inner-col:before{border-top-left-radius:0px;border-top-right-radius:0px;border-bottom-right-radius:0px;border-bottom-left-radius:0px;}.kadence-column28_1824a7-1e > .kt-inside-inner-col{column-gap:var(--global-kb-gap-sm, 1rem);}.kadence-column28_1824a7-1e > .kt-inside-inner-col{flex-direction:column;}.kadence-column28_1824a7-1e > .kt-inside-inner-col > .aligncenter{width:100%;}.kadence-column28_1824a7-1e > .kt-inside-inner-col:before{opacity:0.3;}.kadence-column28_1824a7-1e{position:relative;}@media all and (max-width: 1024px){.kadence-column28_1824a7-1e > .kt-inside-inner-col{flex-direction:column;}}@media all and (max-width: 767px){.kadence-column28_1824a7-1e > .kt-inside-inner-col{flex-direction:column;}}<\/style>\n<div class=\"wp-block-kadence-column kadence-column28_1824a7-1e\"><div class=\"kt-inside-inner-col\"><style>.kb-row-layout-id28_f4888b-f9 > .kt-row-column-wrap{align-content:start;}:where(.kb-row-layout-id28_f4888b-f9 > .kt-row-column-wrap) > .wp-block-kadence-column{justify-content:start;}.kb-row-layout-id28_f4888b-f9 > .kt-row-column-wrap{column-gap:var(--global-kb-gap-md, 2rem);row-gap:var(--global-kb-gap-md, 2rem);padding-top:var(--global-kb-spacing-md, 2rem);padding-bottom:var(--global-kb-spacing-md, 2rem);grid-template-columns:minmax(0, 1fr);}.kb-row-layout-id28_f4888b-f9 > .kt-row-layout-overlay{opacity:0.30;}@media all and (max-width: 1024px){.kb-row-layout-id28_f4888b-f9 > .kt-row-column-wrap{grid-template-columns:minmax(0, 1fr);}}@media all and (max-width: 767px){.kb-row-layout-id28_f4888b-f9 > .kt-row-column-wrap{grid-template-columns:minmax(0, 1fr);}}<\/style><div class=\"kb-row-layout-wrap kb-row-layout-id28_f4888b-f9 alignnone wp-block-kadence-rowlayout\"><div class=\"kt-row-column-wrap kt-has-1-columns kt-row-layout-equal kt-tab-layout-inherit kt-mobile-layout-row kt-row-valign-top\">\n<style>.kadence-column28_60947b-ff > .kt-inside-inner-col,.kadence-column28_60947b-ff > .kt-inside-inner-col:before{border-top-left-radius:0px;border-top-right-radius:0px;border-bottom-right-radius:0px;border-bottom-left-radius:0px;}.kadence-column28_60947b-ff > .kt-inside-inner-col{column-gap:var(--global-kb-gap-sm, 1rem);}.kadence-column28_60947b-ff > .kt-inside-inner-col{flex-direction:column;}.kadence-column28_60947b-ff > .kt-inside-inner-col > .aligncenter{width:100%;}.kadence-column28_60947b-ff > .kt-inside-inner-col:before{opacity:0.3;}.kadence-column28_60947b-ff{position:relative;}@media all and (max-width: 1024px){.kadence-column28_60947b-ff > .kt-inside-inner-col{flex-direction:column;}}@media all and (max-width: 767px){.kadence-column28_60947b-ff > .kt-inside-inner-col{flex-direction:column;}}<\/style>\n<div class=\"wp-block-kadence-column kadence-column28_60947b-ff\"><div class=\"kt-inside-inner-col\">\n<p class=\"has-text-align-center has-larger-font-size\"><strong>Biuletyn w MZK Sp. z o.o. w Bydgoszczy<\/strong><\/p>\n<\/div><\/div>\n\n<\/div><\/div><\/div><\/div>\n\n<\/div><\/div>\n\n<style>.kb-row-layout-id28_6f04bb-ce > .kt-row-column-wrap{align-content:start;}:where(.kb-row-layout-id28_6f04bb-ce > .kt-row-column-wrap) > .wp-block-kadence-column{justify-content:start;}.kb-row-layout-id28_6f04bb-ce > .kt-row-column-wrap{column-gap:var(--global-kb-gap-md, 2rem);row-gap:var(--global-kb-gap-md, 2rem);padding-top:var(--global-kb-spacing-sm, 1.5rem);padding-bottom:var(--global-kb-spacing-sm, 1.5rem);grid-template-columns:repeat(3, minmax(0, 1fr));}.kb-row-layout-id28_6f04bb-ce > .kt-row-layout-overlay{opacity:0.30;}@media all and (max-width: 1024px){.kb-row-layout-id28_6f04bb-ce > .kt-row-column-wrap{grid-template-columns:repeat(3, minmax(0, 1fr));}}@media all and (max-width: 767px){.kb-row-layout-id28_6f04bb-ce > .kt-row-column-wrap{grid-template-columns:minmax(0, 1fr);}}<\/style><div class=\"kb-row-layout-wrap kb-row-layout-id28_6f04bb-ce alignnone wp-block-kadence-rowlayout\"><div class=\"kt-row-column-wrap kt-has-3-columns kt-row-layout-equal kt-tab-layout-inherit kt-mobile-layout-row kt-row-valign-top\">\n<style>.kadence-column28_aee290-86 > .kt-inside-inner-col,.kadence-column28_aee290-86 > .kt-inside-inner-col:before{border-top-left-radius:0px;border-top-right-radius:0px;border-bottom-right-radius:0px;border-bottom-left-radius:0px;}.kadence-column28_aee290-86 > .kt-inside-inner-col{column-gap:var(--global-kb-gap-sm, 1rem);}.kadence-column28_aee290-86 > .kt-inside-inner-col{flex-direction:column;}.kadence-column28_aee290-86 > .kt-inside-inner-col > .aligncenter{width:100%;}.kadence-column28_aee290-86 > .kt-inside-inner-col:before{opacity:0.3;}.kadence-column28_aee290-86{position:relative;}@media all and (max-width: 1024px){.kadence-column28_aee290-86 > .kt-inside-inner-col{flex-direction:column;}}@media all and (max-width: 767px){.kadence-column28_aee290-86 > .kt-inside-inner-col{flex-direction:column;}}<\/style>\n<div class=\"wp-block-kadence-column kadence-column28_aee290-86\"><div class=\"kt-inside-inner-col\">\n<p class=\"has-text-align-center has-large-font-size\"><strong>KONTAKT<\/strong><\/p>\n\n\n\n<p><\/p>\n\n\n\n<p class=\"has-text-align-center\">Miejskie Zak\u0142ady Komunikacyjne Sp\u00f3\u0142ka z o.o.<br>ul. Inowroc\u0142awska 11<br>85-153 Bydgoszcz<\/p>\n\n\n\n<p class=\"has-text-align-center\">tel. <a href=\"tel:+48523249410\">52 324 94 10<\/a><\/p>\n<\/div><\/div>\n\n\n<style>.kadence-column28_b20fb8-e7 > .kt-inside-inner-col,.kadence-column28_b20fb8-e7 > .kt-inside-inner-col:before{border-top-left-radius:0px;border-top-right-radius:0px;border-bottom-right-radius:0px;border-bottom-left-radius:0px;}.kadence-column28_b20fb8-e7 > .kt-inside-inner-col{column-gap:var(--global-kb-gap-sm, 1rem);}.kadence-column28_b20fb8-e7 > .kt-inside-inner-col{flex-direction:column;}.kadence-column28_b20fb8-e7 > .kt-inside-inner-col > .aligncenter{width:100%;}.kadence-column28_b20fb8-e7 > .kt-inside-inner-col:before{opacity:0.3;}.kadence-column28_b20fb8-e7{position:relative;}@media all and (max-width: 1024px){.kadence-column28_b20fb8-e7 > .kt-inside-inner-col{flex-direction:column;}}@media all and (max-width: 767px){.kadence-column28_b20fb8-e7 > .kt-inside-inner-col{flex-direction:column;}}<\/style>\n<div class=\"wp-block-kadence-column kadence-column28_b20fb8-e7\"><div class=\"kt-inside-inner-col\">\n<p class=\"has-text-align-center has-large-font-size\"><strong>Instrukcja korzystania z BIP<\/strong><\/p>\n\n\n\n<p><\/p>\n\n\n\n<p class=\"has-text-align-center\">Biuletyn Informacji Publicznej (w skr\u00f3cie BIP) to serwis internetowy przeznaczony do powszechnego udost\u0119pniania informacji publicznej w postaci zunifikowanego systemu stron internetowych.<\/p>\n\n\n\n<p class=\"has-text-align-center\">Niniejsza strona powsta\u0142a na podstawie rozporz\u0105dzenia Ministra Spraw Wewn\u0119trznych i Administracji z dnia 18 stycznia 2007 r. w sprawie Biuletynu Informacji Publicznej (BIP) \u2013 wydanego na podstawie ustawy z dnia 6 wrze\u015bnia 2001 r. o dost\u0119pie do informacji publicznej.<\/p>\n<\/div><\/div>\n\n\n<style>.kadence-column28_d76afb-be > .kt-inside-inner-col,.kadence-column28_d76afb-be > .kt-inside-inner-col:before{border-top-left-radius:0px;border-top-right-radius:0px;border-bottom-right-radius:0px;border-bottom-left-radius:0px;}.kadence-column28_d76afb-be > .kt-inside-inner-col{column-gap:var(--global-kb-gap-sm, 1rem);}.kadence-column28_d76afb-be > .kt-inside-inner-col{flex-direction:column;}.kadence-column28_d76afb-be > .kt-inside-inner-col > .aligncenter{width:100%;}.kadence-column28_d76afb-be > .kt-inside-inner-col:before{opacity:0.3;}.kadence-column28_d76afb-be{position:relative;}@media all and (max-width: 1024px){.kadence-column28_d76afb-be > .kt-inside-inner-col{flex-direction:column;}}@media all and (max-width: 767px){.kadence-column28_d76afb-be > .kt-inside-inner-col{flex-direction:column;}}<\/style>\n<div class=\"wp-block-kadence-column kadence-column28_d76afb-be\"><div class=\"kt-inside-inner-col\">\n<p class=\"has-text-align-center has-large-font-size\"><strong>Zawarto\u015b\u0107 Biuletynu<\/strong><\/p>\n\n\n\n<p><\/p>\n\n\n\n<ol class=\"wp-block-list\">\n<li><strong>logo BIP<\/strong>, b\u0119d\u0105ce linkiem do strony g\u0142\u00f3wnej serwisu BIP,<\/li>\n\n\n\n<li> <strong>pasek menu<\/strong> umieszczony z lewej strony ekranu pod logo BIP umo\u017cliwiaj\u0105cy nawigacj\u0119 po serwi-sie BIP, (po wybraniu interesuj\u0105cej opcji nast\u0119puje przekierowanie do nowej pod-strony z szerszymi informacjami bie\u017c\u0105cego tematu); <\/li>\n\n\n\n<li><strong>wyszukiwarka<\/strong> umieszczona po prawej stronie logo wyszukiwarka umo\u017cliwiaj\u0105ca wyszukiwanie ci\u0105gow znak\u00f3w w serwisie.<\/li>\n<\/ol>\n<\/div><\/div>\n\n<\/div><\/div>\n\n<style>.kb-row-layout-id28_7bbfc4-44 > .kt-row-column-wrap{align-content:start;}:where(.kb-row-layout-id28_7bbfc4-44 > .kt-row-column-wrap) > .wp-block-kadence-column{justify-content:start;}.kb-row-layout-id28_7bbfc4-44 > .kt-row-column-wrap{column-gap:var(--global-kb-gap-md, 2rem);row-gap:var(--global-kb-gap-md, 2rem);padding-top:var(--global-kb-spacing-sm, 1.5rem);padding-bottom:var(--global-kb-spacing-lg, 3rem);grid-template-columns:minmax(0, 1fr);}.kb-row-layout-id28_7bbfc4-44 > .kt-row-layout-overlay{opacity:0.30;}@media all and (max-width: 1024px){.kb-row-layout-id28_7bbfc4-44 > .kt-row-column-wrap{grid-template-columns:minmax(0, 1fr);}}@media all and (max-width: 767px){.kb-row-layout-id28_7bbfc4-44 > .kt-row-column-wrap{grid-template-columns:minmax(0, 1fr);}}<\/style><div class=\"kb-row-layout-wrap kb-row-layout-id28_7bbfc4-44 alignnone wp-block-kadence-rowlayout\"><div class=\"kt-row-column-wrap kt-has-1-columns kt-row-layout-equal kt-tab-layout-inherit kt-mobile-layout-row kt-row-valign-top\">\n<style>.kadence-column28_dac332-87 > .kt-inside-inner-col,.kadence-column28_dac332-87 > .kt-inside-inner-col:before{border-top-left-radius:0px;border-top-right-radius:0px;border-bottom-right-radius:0px;border-bottom-left-radius:0px;}.kadence-column28_dac332-87 > .kt-inside-inner-col{column-gap:var(--global-kb-gap-sm, 1rem);}.kadence-column28_dac332-87 > .kt-inside-inner-col{flex-direction:column;}.kadence-column28_dac332-87 > .kt-inside-inner-col > .aligncenter{width:100%;}.kadence-column28_dac332-87 > .kt-inside-inner-col:before{opacity:0.3;}.kadence-column28_dac332-87{position:relative;}@media all and (max-width: 1024px){.kadence-column28_dac332-87 > .kt-inside-inner-col{flex-direction:column;}}@media all and (max-width: 767px){.kadence-column28_dac332-87 > .kt-inside-inner-col{flex-direction:column;}}<\/style>\n<div class=\"wp-block-kadence-column kadence-column28_dac332-87\"><div class=\"kt-inside-inner-col\"><\/div><\/div>\n\n<\/div><\/div>\n\n<style>.kadence-column28_b3fdd0-01 > .kt-inside-inner-col,.kadence-column28_b3fdd0-01 > .kt-inside-inner-col:before{border-top-left-radius:0px;border-top-right-radius:0px;border-bottom-right-radius:0px;border-bottom-left-radius:0px;}.kadence-column28_b3fdd0-01 > .kt-inside-inner-col{column-gap:var(--global-kb-gap-sm, 1rem);}.kadence-column28_b3fdd0-01 > .kt-inside-inner-col{flex-direction:column;}.kadence-column28_b3fdd0-01 > .kt-inside-inner-col > .aligncenter{width:100%;}.kadence-column28_b3fdd0-01 > .kt-inside-inner-col:before{opacity:0.3;}.kadence-column28_b3fdd0-01{position:relative;}@media all and (max-width: 1024px){.kadence-column28_b3fdd0-01 > .kt-inside-inner-col{flex-direction:column;}}@media all and (max-width: 767px){.kadence-column28_b3fdd0-01 > .kt-inside-inner-col{flex-direction:column;}}<\/style>\n<div class=\"wp-block-kadence-column kadence-column28_b3fdd0-01\"><div class=\"kt-inside-inner-col\">\n<hr class=\"wp-block-separator has-alpha-channel-opacity is-style-wide\"\/>\n\n\n\n<p class=\"has-text-align-right\">Wprowadzi\u0142: Tomasz Dura\u0142ek (03.11.2005)<br>.<\/p>\n\n\n\n<p class=\"has-text-align-right\"><\/p>\n<\/div><\/div>\n","protected":false},"excerpt":{"rendered":"<p>Biuletyn w MZK Sp. z o.o. w Bydgoszczy KONTAKT Miejskie Zak\u0142ady Komunikacyjne Sp\u00f3\u0142ka z o.o.ul. Inowroc\u0142awska 1185-153 Bydgoszcz tel. 52 324 94 10 Instrukcja korzystania z BIP Biuletyn Informacji Publicznej (w skr\u00f3cie BIP) to serwis internetowy przeznaczony do powszechnego udost\u0119pniania informacji publicznej w postaci zunifikowanego systemu stron internetowych. Niniejsza strona powsta\u0142a na podstawie rozporz\u0105dzenia Ministra&#8230;<\/p>\n","protected":false},"author":1,"featured_media":0,"parent":0,"menu_order":0,"comment_status":"closed","ping_status":"closed","template":"","meta":{"_kadence_starter_templates_imported_post":true,"_kad_post_transparent":"","_kad_post_title":"","_kad_post_layout":"","_kad_post_sidebar_id":"","_kad_post_content_style":"","_kad_post_vertical_padding":"","_kad_post_feature":"","_kad_post_feature_position":"","_kad_post_header":false,"_kad_post_footer":false,"footnotes":""},"class_list":["post-28","page","type-page","status-publish","hentry"],"_links":{"self":[{"href":"https:\/\/bip.mzk.bydgoszcz.pl\/index.php\/wp-json\/wp\/v2\/pages\/28","targetHints":{"allow":["GET"]}}],"collection":[{"href":"https:\/\/bip.mzk.bydgoszcz.pl\/index.php\/wp-json\/wp\/v2\/pages"}],"about":[{"href":"https:\/\/bip.mzk.bydgoszcz.pl\/index.php\/wp-json\/wp\/v2\/types\/page"}],"author":[{"embeddable":true,"href":"https:\/\/bip.mzk.bydgoszcz.pl\/index.php\/wp-json\/wp\/v2\/users\/1"}],"replies":[{"embeddable":true,"href":"https:\/\/bip.mzk.bydgoszcz.pl\/index.php\/wp-json\/wp\/v2\/comments?post=28"}],"version-history":[{"count":19,"href":"https:\/\/bip.mzk.bydgoszcz.pl\/index.php\/wp-json\/wp\/v2\/pages\/28\/revisions"}],"predecessor-version":[{"id":591,"href":"https:\/\/bip.mzk.bydgoszcz.pl\/index.php\/wp-json\/wp\/v2\/pages\/28\/revisions\/591"}],"wp:attachment":[{"href":"https:\/\/bip.mzk.bydgoszcz.pl\/index.php\/wp-json\/wp\/v2\/media?parent=28"}],"curies":[{"name":"wp","href":"https:\/\/api.w.org\/{rel}","templated":true}]}}