{"id":287,"date":"2023-10-24T18:29:51","date_gmt":"2023-10-25T06:29:51","guid":{"rendered":"http:\/\/www.test.bip.mzk.bydgoszcz.pl\/?page_id=287"},"modified":"2025-05-04T17:50:00","modified_gmt":"2025-05-05T05:50:00","slug":"struktura-wlasnosciowa-spolki","status":"publish","type":"page","link":"https:\/\/bip.mzk.bydgoszcz.pl\/index.php\/struktura-wlasnosciowa-spolki\/","title":{"rendered":"Struktura w\u0142asno\u015bciowa Sp\u00f3\u0142ki"},"content":{"rendered":"<style>.kb-row-layout-id287_3c6df3-da > .kt-row-column-wrap{align-content:start;}:where(.kb-row-layout-id287_3c6df3-da > .kt-row-column-wrap) > .wp-block-kadence-column{justify-content:start;}.kb-row-layout-id287_3c6df3-da > .kt-row-column-wrap{column-gap:0px;row-gap:var(--global-kb-gap-none, 0 );max-width:2000px;margin-left:auto;margin-right:auto;grid-template-columns:minmax(0, 40%) minmax(0, 20%) minmax(0, 40%);}.kb-row-layout-id287_3c6df3-da{background-image:linear-gradient(135deg,rgb(6,147,227) 41%,rgb(20,39,109) 91%);}.kb-row-layout-id287_3c6df3-da > .kt-row-layout-overlay{opacity:0.30;}.kb-row-layout-id287_3c6df3-da .kt-row-layout-bottom-sep{height:100px;}.kb-row-layout-id287_3c6df3-da .kt-row-layout-bottom-sep svg{width:100%;}.kb-row-layout-id287_3c6df3-da .kt-row-layout-bottom-sep svg{fill:#ffffff!important;}.kb-row-layout-id287_3c6df3-da .kt-row-layout-top-sep{height:100px;}.kb-row-layout-id287_3c6df3-da .kt-row-layout-top-sep svg{fill:#ffffff!important;}@media all and (max-width: 1024px){.kb-row-layout-id287_3c6df3-da > .kt-row-column-wrap{grid-template-columns:repeat(3, minmax(0, 1fr));}}@media all and (max-width: 1024px){.kb-row-layout-id287_3c6df3-da .kt-row-layout-bottom-sep{height:px;}}@media all and (max-width: 1024px){.kb-row-layout-id287_3c6df3-da .kt-row-layout-bottom-sep svg{width:%;}}@media all and (max-width: 767px){.kb-row-layout-id287_3c6df3-da > .kt-row-column-wrap{grid-template-columns:minmax(0, 1fr);}.kb-row-layout-id287_3c6df3-da .kt-row-layout-bottom-sep{height:px;}.kb-row-layout-id287_3c6df3-da .kt-row-layout-bottom-sep svg{width:%;}}<\/style><div class=\"kb-row-layout-wrap kb-row-layout-id287_3c6df3-da alignnone kt-row-has-bg wp-block-kadence-rowlayout\"><div class=\"kt-row-layout-top-sep kt-row-sep-type-ctd\"><svg viewBox=\"0 0 1000 100\" preserveAspectRatio=\"none\"><path d=\"M1000,0l-500,98l-500,-98l0,100l1000,0l0,-100Z\" style=\"opacity: 0.4\" \/><path d=\"M1000,20l-500,78l-500,-78l0,80l1000,0l0,-80Z\" \/><\/svg><\/div><div class=\"kt-row-layout-bottom-sep kt-row-sep-type-ctd\"><svg viewBox=\"0 0 1000 100\" preserveAspectRatio=\"none\"><path d=\"M1000,0l-500,98l-500,-98l0,100l1000,0l0,-100Z\" style=\"opacity: 0.4\" \/><path d=\"M1000,20l-500,78l-500,-78l0,80l1000,0l0,-80Z\" \/><\/svg><\/div><div class=\"kt-row-column-wrap kt-has-3-columns kt-row-layout-equal kt-tab-layout-inherit kt-mobile-layout-row kt-row-valign-top\">\n<style>.kadence-column287_98ea89-ff > .kt-inside-inner-col,.kadence-column287_98ea89-ff > .kt-inside-inner-col:before{border-top-left-radius:0px;border-top-right-radius:0px;border-bottom-right-radius:0px;border-bottom-left-radius:0px;}.kadence-column287_98ea89-ff > .kt-inside-inner-col{column-gap:var(--global-kb-gap-sm, 1rem);}.kadence-column287_98ea89-ff > .kt-inside-inner-col{flex-direction:column;}.kadence-column287_98ea89-ff > .kt-inside-inner-col > .aligncenter{width:100%;}.kadence-column287_98ea89-ff > .kt-inside-inner-col:before{opacity:0.3;}.kadence-column287_98ea89-ff{position:relative;}@media all and (max-width: 1024px){.kadence-column287_98ea89-ff > .kt-inside-inner-col{flex-direction:column;}}@media all and (max-width: 767px){.kadence-column287_98ea89-ff > .kt-inside-inner-col{flex-direction:column;}}<\/style>\n<div class=\"wp-block-kadence-column kadence-column287_98ea89-ff\"><div class=\"kt-inside-inner-col\"><style>.kb-image287_54ceb0-7e.kb-image-is-ratio-size, .kb-image287_54ceb0-7e .kb-image-is-ratio-size{max-width:411px;width:100%;}.wp-block-kadence-column > .kt-inside-inner-col > .kb-image287_54ceb0-7e.kb-image-is-ratio-size, .wp-block-kadence-column > .kt-inside-inner-col > .kb-image287_54ceb0-7e .kb-image-is-ratio-size{align-self:unset;}.kb-image287_54ceb0-7e figure{max-width:411px;}.kb-image287_54ceb0-7e .image-is-svg, .kb-image287_54ceb0-7e .image-is-svg img{width:100%;}.kb-image287_54ceb0-7e .kb-image-has-overlay:after{opacity:0.3;}.kb-image287_54ceb0-7e img.kb-img, .kb-image287_54ceb0-7e .kb-img img{-webkit-mask-image:url(https:\/\/bip.mzk.bydgoszcz.pl\/wp-content\/plugins\/kadence-blocks\/includes\/assets\/images\/masks\/hexagon.svg);mask-image:url(https:\/\/bip.mzk.bydgoszcz.pl\/wp-content\/plugins\/kadence-blocks\/includes\/assets\/images\/masks\/hexagon.svg);-webkit-mask-size:auto;mask-size:auto;-webkit-mask-repeat:no-repeat;mask-repeat:no-repeat;-webkit-mask-position:center;mask-position:center;}<\/style>\n<div class=\"wp-block-kadence-image kb-image287_54ceb0-7e\"><figure class=\"aligncenter size-large\"><img loading=\"lazy\" decoding=\"async\" width=\"1024\" height=\"683\" src=\"http:\/\/www.test.bip.mzk.bydgoszcz.pl\/wp-content\/uploads\/2023\/10\/20190503_092217-edited-1024x683.jpg\" alt=\"\" class=\"kb-img wp-image-20\" srcset=\"https:\/\/bip.mzk.bydgoszcz.pl\/wp-content\/uploads\/2023\/10\/20190503_092217-edited-1024x683.jpg 1024w, https:\/\/bip.mzk.bydgoszcz.pl\/wp-content\/uploads\/2023\/10\/20190503_092217-edited-300x200.jpg 300w, https:\/\/bip.mzk.bydgoszcz.pl\/wp-content\/uploads\/2023\/10\/20190503_092217-edited-768x512.jpg 768w, https:\/\/bip.mzk.bydgoszcz.pl\/wp-content\/uploads\/2023\/10\/20190503_092217-edited-1536x1024.jpg 1536w, https:\/\/bip.mzk.bydgoszcz.pl\/wp-content\/uploads\/2023\/10\/20190503_092217-edited-2048x1365.jpg 2048w\" sizes=\"auto, (max-width: 1024px) 100vw, 1024px\" \/><\/figure><\/div>\n<\/div><\/div>\n\n\n<style>.kadence-column287_501397-05 > .kt-inside-inner-col{display:flex;}.kadence-column287_501397-05 > .kt-inside-inner-col,.kadence-column287_501397-05 > .kt-inside-inner-col:before{border-top-left-radius:0px;border-top-right-radius:0px;border-bottom-right-radius:0px;border-bottom-left-radius:0px;}.kadence-column287_501397-05 > .kt-inside-inner-col{row-gap:0px;column-gap:0px;}.kadence-column287_501397-05 > .kt-inside-inner-col{flex-direction:column;justify-content:center;}.kadence-column287_501397-05 > .kt-inside-inner-col > .aligncenter{width:100%;}.kt-row-column-wrap > .kadence-column287_501397-05{align-self:center;}.kt-inner-column-height-full:not(.kt-has-1-columns) > .wp-block-kadence-column.kadence-column287_501397-05{align-self:auto;}.kt-inner-column-height-full:not(.kt-has-1-columns) > .wp-block-kadence-column.kadence-column287_501397-05 > .kt-inside-inner-col{flex-direction:column;justify-content:center;}.kadence-column287_501397-05 > .kt-inside-inner-col:before{opacity:0.3;}.kadence-column287_501397-05{text-align:left;}.kadence-column287_501397-05{position:relative;}@media all and (max-width: 1024px){.kadence-column287_501397-05 > .kt-inside-inner-col{flex-direction:column;}}@media all and (max-width: 767px){.kadence-column287_501397-05 > .kt-inside-inner-col{flex-direction:column;}}<\/style>\n<div class=\"wp-block-kadence-column kadence-column287_501397-05 kb-section-dir-vertical\"><div class=\"kt-inside-inner-col\"><style>.kb-image287_db8c2e-03.kb-image-is-ratio-size, .kb-image287_db8c2e-03 .kb-image-is-ratio-size{max-width:213px;width:100%;}.wp-block-kadence-column > .kt-inside-inner-col > .kb-image287_db8c2e-03.kb-image-is-ratio-size, .wp-block-kadence-column > .kt-inside-inner-col > .kb-image287_db8c2e-03 .kb-image-is-ratio-size{align-self:unset;}.kb-image287_db8c2e-03 figure{max-width:213px;}.kb-image287_db8c2e-03 .image-is-svg, .kb-image287_db8c2e-03 .image-is-svg img{width:100%;}.kb-image287_db8c2e-03 .kb-image-has-overlay:after{opacity:0.3;}<\/style>\n<div class=\"wp-block-kadence-image kb-image287_db8c2e-03\"><figure class=\"aligncenter\"><img loading=\"lazy\" decoding=\"async\" width=\"200\" height=\"144\" src=\"https:\/\/bip.mzk.bydgoszcz.pl\/wp-content\/uploads\/2023\/10\/cropped-mzk-logo-wb.png\" alt=\"\" class=\"kb-img wp-image-251\"\/><\/figure><\/div>\n<\/div><\/div>\n\n\n<style>.kadence-column287_7010bf-02 > .kt-inside-inner-col,.kadence-column287_7010bf-02 > .kt-inside-inner-col:before{border-top-left-radius:0px;border-top-right-radius:0px;border-bottom-right-radius:0px;border-bottom-left-radius:0px;}.kadence-column287_7010bf-02 > .kt-inside-inner-col{column-gap:var(--global-kb-gap-sm, 1rem);}.kadence-column287_7010bf-02 > .kt-inside-inner-col{flex-direction:column;}.kadence-column287_7010bf-02 > .kt-inside-inner-col > .aligncenter{width:100%;}.kadence-column287_7010bf-02 > .kt-inside-inner-col:before{opacity:0.3;}.kadence-column287_7010bf-02{position:relative;}@media all and (max-width: 1024px){.kadence-column287_7010bf-02 > .kt-inside-inner-col{flex-direction:column;}}@media all and (max-width: 767px){.kadence-column287_7010bf-02 > .kt-inside-inner-col{flex-direction:column;}}<\/style>\n<div class=\"wp-block-kadence-column kadence-column287_7010bf-02\"><div class=\"kt-inside-inner-col\"><style>.kb-image287_7d971e-7c.kb-image-is-ratio-size, .kb-image287_7d971e-7c .kb-image-is-ratio-size{max-width:372px;width:100%;}.wp-block-kadence-column > .kt-inside-inner-col > .kb-image287_7d971e-7c.kb-image-is-ratio-size, .wp-block-kadence-column > .kt-inside-inner-col > .kb-image287_7d971e-7c .kb-image-is-ratio-size{align-self:unset;}.kb-image287_7d971e-7c figure{max-width:372px;}.kb-image287_7d971e-7c .image-is-svg, .kb-image287_7d971e-7c .image-is-svg img{width:100%;}.kb-image287_7d971e-7c:not(.kb-image-is-ratio-size) .kb-img, .kb-image287_7d971e-7c.kb-image-is-ratio-size{padding-right:0px;}.kb-image287_7d971e-7c .kb-image-has-overlay:after{opacity:0.3;}.kb-image287_7d971e-7c img.kb-img, .kb-image287_7d971e-7c .kb-img img{border-top-color:rgba(243,10,10,0);border-top-style:double;border-right-color:rgba(243,10,10,0);border-right-style:double;border-bottom-color:rgba(243,10,10,0);border-bottom-style:double;border-left-color:rgba(243,10,10,0);border-left-style:double;background-color:#ffffff;-webkit-mask-image:url(https:\/\/bip.mzk.bydgoszcz.pl\/wp-content\/plugins\/kadence-blocks\/includes\/assets\/images\/masks\/hexagon.svg);mask-image:url(https:\/\/bip.mzk.bydgoszcz.pl\/wp-content\/plugins\/kadence-blocks\/includes\/assets\/images\/masks\/hexagon.svg);-webkit-mask-size:auto;mask-size:auto;-webkit-mask-repeat:no-repeat;mask-repeat:no-repeat;-webkit-mask-position:center;mask-position:center;}@media all and (max-width: 1024px){.kb-image287_7d971e-7c img.kb-img, .kb-image287_7d971e-7c .kb-img img{border-top-color:rgba(243,10,10,0);border-top-style:double;border-right-color:rgba(243,10,10,0);border-right-style:double;border-bottom-color:rgba(243,10,10,0);border-bottom-style:double;border-left-color:rgba(243,10,10,0);border-left-style:double;}}@media all and (max-width: 767px){.kb-image287_7d971e-7c img.kb-img, .kb-image287_7d971e-7c .kb-img img{border-top-color:rgba(243,10,10,0);border-top-style:double;border-right-color:rgba(243,10,10,0);border-right-style:double;border-bottom-color:rgba(243,10,10,0);border-bottom-style:double;border-left-color:rgba(243,10,10,0);border-left-style:double;}}<\/style>\n<div class=\"wp-block-kadence-image kb-image287_7d971e-7c\"><figure class=\"aligncenter size-large kb-filter-mayfair\"><img loading=\"lazy\" decoding=\"async\" width=\"1024\" height=\"768\" src=\"http:\/\/www.test.bip.mzk.bydgoszcz.pl\/wp-content\/uploads\/2023\/10\/IMG_20200812_093320-1024x768.jpg\" alt=\"\" class=\"kb-img wp-image-18\" srcset=\"https:\/\/bip.mzk.bydgoszcz.pl\/wp-content\/uploads\/2023\/10\/IMG_20200812_093320-1024x768.jpg 1024w, https:\/\/bip.mzk.bydgoszcz.pl\/wp-content\/uploads\/2023\/10\/IMG_20200812_093320-300x225.jpg 300w, https:\/\/bip.mzk.bydgoszcz.pl\/wp-content\/uploads\/2023\/10\/IMG_20200812_093320-768x576.jpg 768w, https:\/\/bip.mzk.bydgoszcz.pl\/wp-content\/uploads\/2023\/10\/IMG_20200812_093320-1536x1152.jpg 1536w, https:\/\/bip.mzk.bydgoszcz.pl\/wp-content\/uploads\/2023\/10\/IMG_20200812_093320-2048x1536.jpg 2048w\" sizes=\"auto, (max-width: 1024px) 100vw, 1024px\" \/><\/figure><\/div>\n<\/div><\/div>\n\n<\/div><\/div>\n\n\n<p><\/p>\n\n\n<style>.kb-row-layout-id287_60bd9d-fd > .kt-row-column-wrap{align-content:start;}:where(.kb-row-layout-id287_60bd9d-fd > .kt-row-column-wrap) > .wp-block-kadence-column{justify-content:start;}.kb-row-layout-id287_60bd9d-fd > .kt-row-column-wrap{column-gap:var(--global-kb-gap-md, 2rem);row-gap:var(--global-kb-gap-md, 2rem);padding-top:var(--global-kb-spacing-sm, 1.5rem);padding-bottom:var(--global-kb-spacing-sm, 1.5rem);grid-template-columns:minmax(0, 10%) minmax(0, 80%) minmax(0, 10%);}.kb-row-layout-id287_60bd9d-fd > .kt-row-layout-overlay{opacity:0.30;}@media all and (max-width: 1024px){.kb-row-layout-id287_60bd9d-fd > .kt-row-column-wrap{grid-template-columns:repeat(3, minmax(0, 1fr));}}@media all and (max-width: 767px){.kb-row-layout-id287_60bd9d-fd > .kt-row-column-wrap{grid-template-columns:minmax(0, 1fr);}}<\/style><div class=\"kb-row-layout-wrap kb-row-layout-id287_60bd9d-fd alignnone wp-block-kadence-rowlayout\"><div class=\"kt-row-column-wrap kt-has-3-columns kt-row-layout-center-exwide kt-tab-layout-inherit kt-mobile-layout-row kt-row-valign-top\">\n<style>.kadence-column287_69617e-35 > .kt-inside-inner-col,.kadence-column287_69617e-35 > .kt-inside-inner-col:before{border-top-left-radius:0px;border-top-right-radius:0px;border-bottom-right-radius:0px;border-bottom-left-radius:0px;}.kadence-column287_69617e-35 > .kt-inside-inner-col{column-gap:var(--global-kb-gap-sm, 1rem);}.kadence-column287_69617e-35 > .kt-inside-inner-col{flex-direction:column;}.kadence-column287_69617e-35 > .kt-inside-inner-col > .aligncenter{width:100%;}.kadence-column287_69617e-35 > .kt-inside-inner-col:before{opacity:0.3;}.kadence-column287_69617e-35{position:relative;}@media all and (max-width: 1024px){.kadence-column287_69617e-35 > .kt-inside-inner-col{flex-direction:column;}}@media all and (max-width: 767px){.kadence-column287_69617e-35 > .kt-inside-inner-col{flex-direction:column;}}<\/style>\n<div class=\"wp-block-kadence-column kadence-column287_69617e-35\"><div class=\"kt-inside-inner-col\"><\/div><\/div>\n\n\n<style>.kadence-column287_5e1cac-61 > .kt-inside-inner-col,.kadence-column287_5e1cac-61 > .kt-inside-inner-col:before{border-top-left-radius:0px;border-top-right-radius:0px;border-bottom-right-radius:0px;border-bottom-left-radius:0px;}.kadence-column287_5e1cac-61 > .kt-inside-inner-col{column-gap:var(--global-kb-gap-sm, 1rem);}.kadence-column287_5e1cac-61 > .kt-inside-inner-col{flex-direction:column;}.kadence-column287_5e1cac-61 > .kt-inside-inner-col > .aligncenter{width:100%;}.kadence-column287_5e1cac-61 > .kt-inside-inner-col:before{opacity:0.3;}.kadence-column287_5e1cac-61{position:relative;}@media all and (max-width: 1024px){.kadence-column287_5e1cac-61 > .kt-inside-inner-col{flex-direction:column;}}@media all and (max-width: 767px){.kadence-column287_5e1cac-61 > .kt-inside-inner-col{flex-direction:column;}}<\/style>\n<div class=\"wp-block-kadence-column kadence-column287_5e1cac-61\"><div class=\"kt-inside-inner-col\">\n<h1 class=\"wp-block-heading has-text-align-center\"><strong>Struktura w\u0142asno\u015bciowa Sp\u00f3\u0142ki<\/strong><\/h1>\n\n\n\n<p>Kapita\u0142 zak\u0142adowy Sp\u00f3\u0142ki wynosi 111.119.100,00z\u0142 i dzieli si\u0119 na 1.111.191 udzia\u0142y o warto\u015bci nominalnej 100z\u0142 ka\u017cdy.<br>Wszystkie udzia\u0142y s\u0105 r\u00f3wne i niepodzielne i nale\u017c\u0105 do jednego wsp\u00f3lnika Miasto Bydgoszcz, kt\u00f3re w Sp\u00f3\u0142ce reprezentowane jest przez Prezydenta Miasta.<\/p>\n<\/div><\/div>\n\n\n<style>.kadence-column287_2f52d0-df > .kt-inside-inner-col,.kadence-column287_2f52d0-df > .kt-inside-inner-col:before{border-top-left-radius:0px;border-top-right-radius:0px;border-bottom-right-radius:0px;border-bottom-left-radius:0px;}.kadence-column287_2f52d0-df > .kt-inside-inner-col{column-gap:var(--global-kb-gap-sm, 1rem);}.kadence-column287_2f52d0-df > .kt-inside-inner-col{flex-direction:column;}.kadence-column287_2f52d0-df > .kt-inside-inner-col > .aligncenter{width:100%;}.kadence-column287_2f52d0-df > .kt-inside-inner-col:before{opacity:0.3;}.kadence-column287_2f52d0-df{position:relative;}@media all and (max-width: 1024px){.kadence-column287_2f52d0-df > .kt-inside-inner-col{flex-direction:column;}}@media all and (max-width: 767px){.kadence-column287_2f52d0-df > .kt-inside-inner-col{flex-direction:column;}}<\/style>\n<div class=\"wp-block-kadence-column kadence-column287_2f52d0-df\"><div class=\"kt-inside-inner-col\"><\/div><\/div>\n\n<\/div><\/div>\n\n<style>.kadence-column287_bde8c1-1e > .kt-inside-inner-col,.kadence-column287_bde8c1-1e > .kt-inside-inner-col:before{border-top-left-radius:0px;border-top-right-radius:0px;border-bottom-right-radius:0px;border-bottom-left-radius:0px;}.kadence-column287_bde8c1-1e > .kt-inside-inner-col{column-gap:var(--global-kb-gap-sm, 1rem);}.kadence-column287_bde8c1-1e > .kt-inside-inner-col{flex-direction:column;}.kadence-column287_bde8c1-1e > .kt-inside-inner-col > .aligncenter{width:100%;}.kadence-column287_bde8c1-1e > .kt-inside-inner-col:before{opacity:0.3;}.kadence-column287_bde8c1-1e{position:relative;}@media all and (max-width: 1024px){.kadence-column287_bde8c1-1e > .kt-inside-inner-col{flex-direction:column;}}@media all and (max-width: 767px){.kadence-column287_bde8c1-1e > .kt-inside-inner-col{flex-direction:column;}}<\/style>\n<div class=\"wp-block-kadence-column kadence-column287_bde8c1-1e\"><div class=\"kt-inside-inner-col\">\n<hr class=\"wp-block-separator has-alpha-channel-opacity is-style-wide\"\/>\n\n\n\n<p class=\"has-text-align-right\">Wytworzy\u0142a: Alina Prochownik (03.11.2005)<br>Wprowadzi\u0142: Tomasz Dura\u0142ek (03.11.2005)<br>Ostatnia zmiana: Danuta Murach (25.01.2015)<br>Zmieniono: Wysoko\u015b\u0107 kapita\u0142u oraz ilo\u015b\u0107 udzia\u0142\u00f3w.<\/p>\n\n\n\n<p class=\"has-text-align-right\"><\/p>\n<\/div><\/div>\n","protected":false},"excerpt":{"rendered":"<p>Struktura w\u0142asno\u015bciowa Sp\u00f3\u0142ki Kapita\u0142 zak\u0142adowy Sp\u00f3\u0142ki wynosi 111.119.100,00z\u0142 i dzieli si\u0119 na 1.111.191 udzia\u0142y o warto\u015bci nominalnej 100z\u0142 ka\u017cdy.Wszystkie udzia\u0142y s\u0105 r\u00f3wne i niepodzielne i nale\u017c\u0105 do jednego wsp\u00f3lnika Miasto Bydgoszcz, kt\u00f3re w Sp\u00f3\u0142ce reprezentowane jest przez Prezydenta Miasta. Wytworzy\u0142a: Alina Prochownik (03.11.2005)Wprowadzi\u0142: Tomasz Dura\u0142ek (03.11.2005)Ostatnia zmiana: Danuta Murach (25.01.2015)Zmieniono: Wysoko\u015b\u0107 kapita\u0142u oraz ilo\u015b\u0107 udzia\u0142\u00f3w.<\/p>\n","protected":false},"author":1,"featured_media":0,"parent":0,"menu_order":0,"comment_status":"closed","ping_status":"closed","template":"","meta":{"_kadence_starter_templates_imported_post":false,"_kad_post_transparent":"","_kad_post_title":"","_kad_post_layout":"","_kad_post_sidebar_id":"","_kad_post_content_style":"","_kad_post_vertical_padding":"","_kad_post_feature":"","_kad_post_feature_position":"","_kad_post_header":false,"_kad_post_footer":false,"footnotes":""},"class_list":["post-287","page","type-page","status-publish","hentry"],"_links":{"self":[{"href":"https:\/\/bip.mzk.bydgoszcz.pl\/index.php\/wp-json\/wp\/v2\/pages\/287","targetHints":{"allow":["GET"]}}],"collection":[{"href":"https:\/\/bip.mzk.bydgoszcz.pl\/index.php\/wp-json\/wp\/v2\/pages"}],"about":[{"href":"https:\/\/bip.mzk.bydgoszcz.pl\/index.php\/wp-json\/wp\/v2\/types\/page"}],"author":[{"embeddable":true,"href":"https:\/\/bip.mzk.bydgoszcz.pl\/index.php\/wp-json\/wp\/v2\/users\/1"}],"replies":[{"embeddable":true,"href":"https:\/\/bip.mzk.bydgoszcz.pl\/index.php\/wp-json\/wp\/v2\/comments?post=287"}],"version-history":[{"count":5,"href":"https:\/\/bip.mzk.bydgoszcz.pl\/index.php\/wp-json\/wp\/v2\/pages\/287\/revisions"}],"predecessor-version":[{"id":644,"href":"https:\/\/bip.mzk.bydgoszcz.pl\/index.php\/wp-json\/wp\/v2\/pages\/287\/revisions\/644"}],"wp:attachment":[{"href":"https:\/\/bip.mzk.bydgoszcz.pl\/index.php\/wp-json\/wp\/v2\/media?parent=287"}],"curies":[{"name":"wp","href":"https:\/\/api.w.org\/{rel}","templated":true}]}}