{"id":616,"date":"2025-01-27T00:45:17","date_gmt":"2025-01-27T12:45:17","guid":{"rendered":"https:\/\/bip.mzk.bydgoszcz.pl\/?page_id=616"},"modified":"2025-01-27T00:49:21","modified_gmt":"2025-01-27T12:49:21","slug":"plan-polaczenia-miejskich-zakladow-komunikacyjnych-ze-spolka-tramwaj-fordon","status":"publish","type":"page","link":"https:\/\/bip.mzk.bydgoszcz.pl\/index.php\/plan-polaczenia-miejskich-zakladow-komunikacyjnych-ze-spolka-tramwaj-fordon\/","title":{"rendered":"Plan po\u0142\u0105czenia Miejskich Zak\u0142ad\u00f3w Komunikacyjnych ze sp\u00f3\u0142k\u0105 Tramwaj Fordon"},"content":{"rendered":"\n<p class=\"has-text-align-center\"><\/p>\n\n\n<style>.kb-row-layout-id616_40ea59-5a > .kt-row-column-wrap{align-content:start;}:where(.kb-row-layout-id616_40ea59-5a > .kt-row-column-wrap) > .wp-block-kadence-column{justify-content:start;}.kb-row-layout-id616_40ea59-5a > .kt-row-column-wrap{column-gap:0px;row-gap:var(--global-kb-gap-none, 0 );max-width:2000px;margin-left:auto;margin-right:auto;grid-template-columns:minmax(0, 40%) minmax(0, 20%) minmax(0, 40%);}.kb-row-layout-id616_40ea59-5a{background-image:linear-gradient(135deg,rgb(6,147,227) 41%,rgb(20,39,109) 91%);}.kb-row-layout-id616_40ea59-5a > .kt-row-layout-overlay{opacity:0.30;}.kb-row-layout-id616_40ea59-5a .kt-row-layout-bottom-sep{height:100px;}.kb-row-layout-id616_40ea59-5a .kt-row-layout-bottom-sep svg{width:100%;}.kb-row-layout-id616_40ea59-5a .kt-row-layout-bottom-sep svg{fill:#ffffff!important;}.kb-row-layout-id616_40ea59-5a .kt-row-layout-top-sep{height:100px;}.kb-row-layout-id616_40ea59-5a .kt-row-layout-top-sep svg{fill:#ffffff!important;}@media all and (max-width: 1024px){.kb-row-layout-id616_40ea59-5a > .kt-row-column-wrap{grid-template-columns:repeat(3, minmax(0, 1fr));}}@media all and (max-width: 1024px){.kb-row-layout-id616_40ea59-5a .kt-row-layout-bottom-sep{height:px;}}@media all and (max-width: 1024px){.kb-row-layout-id616_40ea59-5a .kt-row-layout-bottom-sep svg{width:%;}}@media all and (max-width: 767px){.kb-row-layout-id616_40ea59-5a > .kt-row-column-wrap{grid-template-columns:minmax(0, 1fr);}.kb-row-layout-id616_40ea59-5a .kt-row-layout-bottom-sep{height:px;}.kb-row-layout-id616_40ea59-5a .kt-row-layout-bottom-sep svg{width:%;}}<\/style><div class=\"kb-row-layout-wrap kb-row-layout-id616_40ea59-5a alignnone kt-row-has-bg wp-block-kadence-rowlayout\"><div class=\"kt-row-layout-top-sep kt-row-sep-type-ctd\"><svg viewBox=\"0 0 1000 100\" preserveAspectRatio=\"none\"><path d=\"M1000,0l-500,98l-500,-98l0,100l1000,0l0,-100Z\" style=\"opacity: 0.4\" \/><path d=\"M1000,20l-500,78l-500,-78l0,80l1000,0l0,-80Z\" \/><\/svg><\/div><div class=\"kt-row-layout-bottom-sep kt-row-sep-type-ctd\"><svg viewBox=\"0 0 1000 100\" preserveAspectRatio=\"none\"><path d=\"M1000,0l-500,98l-500,-98l0,100l1000,0l0,-100Z\" style=\"opacity: 0.4\" \/><path d=\"M1000,20l-500,78l-500,-78l0,80l1000,0l0,-80Z\" \/><\/svg><\/div><div class=\"kt-row-column-wrap kt-has-3-columns kt-row-layout-equal kt-tab-layout-inherit kt-mobile-layout-row kt-row-valign-top\">\n<style>.kadence-column616_3e4f14-23 > .kt-inside-inner-col,.kadence-column616_3e4f14-23 > .kt-inside-inner-col:before{border-top-left-radius:0px;border-top-right-radius:0px;border-bottom-right-radius:0px;border-bottom-left-radius:0px;}.kadence-column616_3e4f14-23 > .kt-inside-inner-col{column-gap:var(--global-kb-gap-sm, 1rem);}.kadence-column616_3e4f14-23 > .kt-inside-inner-col{flex-direction:column;}.kadence-column616_3e4f14-23 > .kt-inside-inner-col > .aligncenter{width:100%;}.kadence-column616_3e4f14-23 > .kt-inside-inner-col:before{opacity:0.3;}.kadence-column616_3e4f14-23{position:relative;}@media all and (max-width: 1024px){.kadence-column616_3e4f14-23 > .kt-inside-inner-col{flex-direction:column;}}@media all and (max-width: 767px){.kadence-column616_3e4f14-23 > .kt-inside-inner-col{flex-direction:column;}}<\/style>\n<div class=\"wp-block-kadence-column kadence-column616_3e4f14-23\"><div class=\"kt-inside-inner-col\"><style>.kb-image616_063d0b-8a.kb-image-is-ratio-size, .kb-image616_063d0b-8a .kb-image-is-ratio-size{max-width:411px;width:100%;}.wp-block-kadence-column > .kt-inside-inner-col > .kb-image616_063d0b-8a.kb-image-is-ratio-size, .wp-block-kadence-column > .kt-inside-inner-col > .kb-image616_063d0b-8a .kb-image-is-ratio-size{align-self:unset;}.kb-image616_063d0b-8a figure{max-width:411px;}.kb-image616_063d0b-8a .image-is-svg, .kb-image616_063d0b-8a .image-is-svg img{width:100%;}.kb-image616_063d0b-8a .kb-image-has-overlay:after{opacity:0.3;}.kb-image616_063d0b-8a img.kb-img, .kb-image616_063d0b-8a .kb-img img{-webkit-mask-image:url(https:\/\/bip.mzk.bydgoszcz.pl\/wp-content\/plugins\/kadence-blocks\/includes\/assets\/images\/masks\/hexagon.svg);mask-image:url(https:\/\/bip.mzk.bydgoszcz.pl\/wp-content\/plugins\/kadence-blocks\/includes\/assets\/images\/masks\/hexagon.svg);-webkit-mask-size:auto;mask-size:auto;-webkit-mask-repeat:no-repeat;mask-repeat:no-repeat;-webkit-mask-position:center;mask-position:center;}<\/style>\n<div class=\"wp-block-kadence-image kb-image616_063d0b-8a\"><figure class=\"aligncenter size-large\"><img loading=\"lazy\" decoding=\"async\" width=\"1024\" height=\"683\" src=\"http:\/\/www.test.bip.mzk.bydgoszcz.pl\/wp-content\/uploads\/2023\/10\/20190503_092217-edited-1024x683.jpg\" alt=\"\" class=\"kb-img wp-image-20\" srcset=\"https:\/\/bip.mzk.bydgoszcz.pl\/wp-content\/uploads\/2023\/10\/20190503_092217-edited-1024x683.jpg 1024w, https:\/\/bip.mzk.bydgoszcz.pl\/wp-content\/uploads\/2023\/10\/20190503_092217-edited-300x200.jpg 300w, https:\/\/bip.mzk.bydgoszcz.pl\/wp-content\/uploads\/2023\/10\/20190503_092217-edited-768x512.jpg 768w, https:\/\/bip.mzk.bydgoszcz.pl\/wp-content\/uploads\/2023\/10\/20190503_092217-edited-1536x1024.jpg 1536w, https:\/\/bip.mzk.bydgoszcz.pl\/wp-content\/uploads\/2023\/10\/20190503_092217-edited-2048x1365.jpg 2048w\" sizes=\"auto, (max-width: 1024px) 100vw, 1024px\" \/><\/figure><\/div>\n<\/div><\/div>\n\n\n<style>.kadence-column616_7a2356-d7 > .kt-inside-inner-col{display:flex;}.kadence-column616_7a2356-d7 > .kt-inside-inner-col,.kadence-column616_7a2356-d7 > .kt-inside-inner-col:before{border-top-left-radius:0px;border-top-right-radius:0px;border-bottom-right-radius:0px;border-bottom-left-radius:0px;}.kadence-column616_7a2356-d7 > .kt-inside-inner-col{row-gap:0px;column-gap:0px;}.kadence-column616_7a2356-d7 > .kt-inside-inner-col{flex-direction:column;justify-content:center;}.kadence-column616_7a2356-d7 > .kt-inside-inner-col > .aligncenter{width:100%;}.kt-row-column-wrap > .kadence-column616_7a2356-d7{align-self:center;}.kt-inner-column-height-full:not(.kt-has-1-columns) > .wp-block-kadence-column.kadence-column616_7a2356-d7{align-self:auto;}.kt-inner-column-height-full:not(.kt-has-1-columns) > .wp-block-kadence-column.kadence-column616_7a2356-d7 > .kt-inside-inner-col{flex-direction:column;justify-content:center;}.kadence-column616_7a2356-d7 > .kt-inside-inner-col:before{opacity:0.3;}.kadence-column616_7a2356-d7{text-align:left;}.kadence-column616_7a2356-d7{position:relative;}@media all and (max-width: 1024px){.kadence-column616_7a2356-d7 > .kt-inside-inner-col{flex-direction:column;}}@media all and (max-width: 767px){.kadence-column616_7a2356-d7 > .kt-inside-inner-col{flex-direction:column;}}<\/style>\n<div class=\"wp-block-kadence-column kadence-column616_7a2356-d7 kb-section-dir-vertical\"><div class=\"kt-inside-inner-col\"><style>.kb-image616_dc81d1-69.kb-image-is-ratio-size, .kb-image616_dc81d1-69 .kb-image-is-ratio-size{max-width:213px;width:100%;}.wp-block-kadence-column > .kt-inside-inner-col > .kb-image616_dc81d1-69.kb-image-is-ratio-size, .wp-block-kadence-column > .kt-inside-inner-col > .kb-image616_dc81d1-69 .kb-image-is-ratio-size{align-self:unset;}.kb-image616_dc81d1-69 figure{max-width:213px;}.kb-image616_dc81d1-69 .image-is-svg, .kb-image616_dc81d1-69 .image-is-svg img{width:100%;}.kb-image616_dc81d1-69 .kb-image-has-overlay:after{opacity:0.3;}<\/style>\n<div class=\"wp-block-kadence-image kb-image616_dc81d1-69\"><figure class=\"aligncenter\"><img loading=\"lazy\" decoding=\"async\" width=\"200\" height=\"144\" src=\"https:\/\/bip.mzk.bydgoszcz.pl\/wp-content\/uploads\/2023\/10\/cropped-mzk-logo-wb.png\" alt=\"\" class=\"kb-img wp-image-251\"\/><\/figure><\/div>\n<\/div><\/div>\n\n\n<style>.kadence-column616_6b5b10-64 > .kt-inside-inner-col,.kadence-column616_6b5b10-64 > .kt-inside-inner-col:before{border-top-left-radius:0px;border-top-right-radius:0px;border-bottom-right-radius:0px;border-bottom-left-radius:0px;}.kadence-column616_6b5b10-64 > .kt-inside-inner-col{column-gap:var(--global-kb-gap-sm, 1rem);}.kadence-column616_6b5b10-64 > .kt-inside-inner-col{flex-direction:column;}.kadence-column616_6b5b10-64 > .kt-inside-inner-col > .aligncenter{width:100%;}.kadence-column616_6b5b10-64 > .kt-inside-inner-col:before{opacity:0.3;}.kadence-column616_6b5b10-64{position:relative;}@media all and (max-width: 1024px){.kadence-column616_6b5b10-64 > .kt-inside-inner-col{flex-direction:column;}}@media all and (max-width: 767px){.kadence-column616_6b5b10-64 > .kt-inside-inner-col{flex-direction:column;}}<\/style>\n<div class=\"wp-block-kadence-column kadence-column616_6b5b10-64\"><div class=\"kt-inside-inner-col\"><style>.kb-image616_c812f7-8d.kb-image-is-ratio-size, .kb-image616_c812f7-8d .kb-image-is-ratio-size{max-width:372px;width:100%;}.wp-block-kadence-column > .kt-inside-inner-col > .kb-image616_c812f7-8d.kb-image-is-ratio-size, .wp-block-kadence-column > .kt-inside-inner-col > .kb-image616_c812f7-8d .kb-image-is-ratio-size{align-self:unset;}.kb-image616_c812f7-8d figure{max-width:372px;}.kb-image616_c812f7-8d .image-is-svg, .kb-image616_c812f7-8d .image-is-svg img{width:100%;}.kb-image616_c812f7-8d:not(.kb-image-is-ratio-size) .kb-img, .kb-image616_c812f7-8d.kb-image-is-ratio-size{padding-right:0px;}.kb-image616_c812f7-8d .kb-image-has-overlay:after{opacity:0.3;}.kb-image616_c812f7-8d img.kb-img, .kb-image616_c812f7-8d .kb-img img{border-top-color:rgba(243,10,10,0);border-top-style:double;border-right-color:rgba(243,10,10,0);border-right-style:double;border-bottom-color:rgba(243,10,10,0);border-bottom-style:double;border-left-color:rgba(243,10,10,0);border-left-style:double;background-color:#ffffff;-webkit-mask-image:url(https:\/\/bip.mzk.bydgoszcz.pl\/wp-content\/plugins\/kadence-blocks\/includes\/assets\/images\/masks\/hexagon.svg);mask-image:url(https:\/\/bip.mzk.bydgoszcz.pl\/wp-content\/plugins\/kadence-blocks\/includes\/assets\/images\/masks\/hexagon.svg);-webkit-mask-size:auto;mask-size:auto;-webkit-mask-repeat:no-repeat;mask-repeat:no-repeat;-webkit-mask-position:center;mask-position:center;}@media all and (max-width: 1024px){.kb-image616_c812f7-8d img.kb-img, .kb-image616_c812f7-8d .kb-img img{border-top-color:rgba(243,10,10,0);border-top-style:double;border-right-color:rgba(243,10,10,0);border-right-style:double;border-bottom-color:rgba(243,10,10,0);border-bottom-style:double;border-left-color:rgba(243,10,10,0);border-left-style:double;}}@media all and (max-width: 767px){.kb-image616_c812f7-8d img.kb-img, .kb-image616_c812f7-8d .kb-img img{border-top-color:rgba(243,10,10,0);border-top-style:double;border-right-color:rgba(243,10,10,0);border-right-style:double;border-bottom-color:rgba(243,10,10,0);border-bottom-style:double;border-left-color:rgba(243,10,10,0);border-left-style:double;}}<\/style>\n<div class=\"wp-block-kadence-image kb-image616_c812f7-8d\"><figure class=\"aligncenter size-large kb-filter-mayfair\"><img loading=\"lazy\" decoding=\"async\" width=\"1024\" height=\"768\" src=\"http:\/\/www.test.bip.mzk.bydgoszcz.pl\/wp-content\/uploads\/2023\/10\/IMG_20200812_093320-1024x768.jpg\" alt=\"\" class=\"kb-img wp-image-18\" srcset=\"https:\/\/bip.mzk.bydgoszcz.pl\/wp-content\/uploads\/2023\/10\/IMG_20200812_093320-1024x768.jpg 1024w, https:\/\/bip.mzk.bydgoszcz.pl\/wp-content\/uploads\/2023\/10\/IMG_20200812_093320-300x225.jpg 300w, https:\/\/bip.mzk.bydgoszcz.pl\/wp-content\/uploads\/2023\/10\/IMG_20200812_093320-768x576.jpg 768w, https:\/\/bip.mzk.bydgoszcz.pl\/wp-content\/uploads\/2023\/10\/IMG_20200812_093320-1536x1152.jpg 1536w, https:\/\/bip.mzk.bydgoszcz.pl\/wp-content\/uploads\/2023\/10\/IMG_20200812_093320-2048x1536.jpg 2048w\" sizes=\"auto, (max-width: 1024px) 100vw, 1024px\" \/><\/figure><\/div>\n<\/div><\/div>\n\n<\/div><\/div>\n\n\n<p class=\"has-text-align-center\"><\/p>\n\n\n<style>.kb-row-layout-id616_d1b3d7-ec > .kt-row-column-wrap{align-content:start;}:where(.kb-row-layout-id616_d1b3d7-ec > .kt-row-column-wrap) > .wp-block-kadence-column{justify-content:start;}.kb-row-layout-id616_d1b3d7-ec > .kt-row-column-wrap{column-gap:var(--global-kb-gap-md, 2rem);row-gap:var(--global-kb-gap-md, 2rem);padding-top:var(--global-kb-spacing-sm, 1.5rem);padding-bottom:var(--global-kb-spacing-sm, 1.5rem);grid-template-columns:minmax(0, 10%) minmax(0, 80%) minmax(0, 10%);}.kb-row-layout-id616_d1b3d7-ec > .kt-row-layout-overlay{opacity:0.30;}@media all and (max-width: 1024px){.kb-row-layout-id616_d1b3d7-ec > .kt-row-column-wrap{grid-template-columns:repeat(3, minmax(0, 1fr));}}@media all and (max-width: 767px){.kb-row-layout-id616_d1b3d7-ec > .kt-row-column-wrap{grid-template-columns:minmax(0, 1fr);}}<\/style><div class=\"kb-row-layout-wrap kb-row-layout-id616_d1b3d7-ec alignnone wp-block-kadence-rowlayout\"><div class=\"kt-row-column-wrap kt-has-3-columns kt-row-layout-equal kt-tab-layout-inherit kt-mobile-layout-row kt-row-valign-top\">\n<style>.kadence-column616_854151-2b > .kt-inside-inner-col,.kadence-column616_854151-2b > .kt-inside-inner-col:before{border-top-left-radius:0px;border-top-right-radius:0px;border-bottom-right-radius:0px;border-bottom-left-radius:0px;}.kadence-column616_854151-2b > .kt-inside-inner-col{column-gap:var(--global-kb-gap-sm, 1rem);}.kadence-column616_854151-2b > .kt-inside-inner-col{flex-direction:column;}.kadence-column616_854151-2b > .kt-inside-inner-col > .aligncenter{width:100%;}.kadence-column616_854151-2b > .kt-inside-inner-col:before{opacity:0.3;}.kadence-column616_854151-2b{position:relative;}@media all and (max-width: 1024px){.kadence-column616_854151-2b > .kt-inside-inner-col{flex-direction:column;}}@media all and (max-width: 767px){.kadence-column616_854151-2b > .kt-inside-inner-col{flex-direction:column;}}<\/style>\n<div class=\"wp-block-kadence-column kadence-column616_854151-2b\"><div class=\"kt-inside-inner-col\"><\/div><\/div>\n\n\n<style>.kadence-column616_580a26-50 > .kt-inside-inner-col,.kadence-column616_580a26-50 > .kt-inside-inner-col:before{border-top-left-radius:0px;border-top-right-radius:0px;border-bottom-right-radius:0px;border-bottom-left-radius:0px;}.kadence-column616_580a26-50 > .kt-inside-inner-col{column-gap:var(--global-kb-gap-sm, 1rem);}.kadence-column616_580a26-50 > .kt-inside-inner-col{flex-direction:column;}.kadence-column616_580a26-50 > .kt-inside-inner-col > .aligncenter{width:100%;}.kadence-column616_580a26-50 > .kt-inside-inner-col:before{opacity:0.3;}.kadence-column616_580a26-50{position:relative;}@media all and (max-width: 1024px){.kadence-column616_580a26-50 > .kt-inside-inner-col{flex-direction:column;}}@media all and (max-width: 767px){.kadence-column616_580a26-50 > .kt-inside-inner-col{flex-direction:column;}}<\/style>\n<div class=\"wp-block-kadence-column kadence-column616_580a26-50\"><div class=\"kt-inside-inner-col\">\n<div class=\"wp-block-file\"><a id=\"wp-block-file--media-c0d191a6-29f1-45cc-8c53-2dbbfd4002e2\" href=\"https:\/\/bip.mzk.bydgoszcz.pl\/wp-content\/uploads\/2025\/01\/Plan_polaczenia_Mzk_TramwajFordon.pdf\">Plan po\u0142\u0105czenia Miejskich Zak\u0142ad\u00f3w Komunikacyjnych ze sp\u00f3\u0142k\u0105 Tramwaj Fordon<\/a><a href=\"https:\/\/bip.mzk.bydgoszcz.pl\/wp-content\/uploads\/2025\/01\/Plan_polaczenia_Mzk_TramwajFordon.pdf\" class=\"wp-block-file__button wp-element-button\" download aria-describedby=\"wp-block-file--media-c0d191a6-29f1-45cc-8c53-2dbbfd4002e2\">Pobierz<\/a><\/div>\n<\/div><\/div>\n\n\n<style>.kadence-column616_bcc476-5c > .kt-inside-inner-col,.kadence-column616_bcc476-5c > .kt-inside-inner-col:before{border-top-left-radius:0px;border-top-right-radius:0px;border-bottom-right-radius:0px;border-bottom-left-radius:0px;}.kadence-column616_bcc476-5c > .kt-inside-inner-col{column-gap:var(--global-kb-gap-sm, 1rem);}.kadence-column616_bcc476-5c > .kt-inside-inner-col{flex-direction:column;}.kadence-column616_bcc476-5c > .kt-inside-inner-col > .aligncenter{width:100%;}.kadence-column616_bcc476-5c > .kt-inside-inner-col:before{opacity:0.3;}.kadence-column616_bcc476-5c{position:relative;}@media all and (max-width: 1024px){.kadence-column616_bcc476-5c > .kt-inside-inner-col{flex-direction:column;}}@media all and (max-width: 767px){.kadence-column616_bcc476-5c > .kt-inside-inner-col{flex-direction:column;}}<\/style>\n<div class=\"wp-block-kadence-column kadence-column616_bcc476-5c\"><div class=\"kt-inside-inner-col\"><\/div><\/div>\n\n<\/div><\/div>\n\n\n<p><\/p>\n","protected":false},"excerpt":{"rendered":"","protected":false},"author":1,"featured_media":0,"parent":0,"menu_order":0,"comment_status":"closed","ping_status":"closed","template":"","meta":{"_kadence_starter_templates_imported_post":false,"_kad_post_transparent":"","_kad_post_title":"","_kad_post_layout":"","_kad_post_sidebar_id":"","_kad_post_content_style":"","_kad_post_vertical_padding":"","_kad_post_feature":"","_kad_post_feature_position":"","_kad_post_header":false,"_kad_post_footer":false,"footnotes":""},"class_list":["post-616","page","type-page","status-publish","hentry"],"_links":{"self":[{"href":"https:\/\/bip.mzk.bydgoszcz.pl\/index.php\/wp-json\/wp\/v2\/pages\/616","targetHints":{"allow":["GET"]}}],"collection":[{"href":"https:\/\/bip.mzk.bydgoszcz.pl\/index.php\/wp-json\/wp\/v2\/pages"}],"about":[{"href":"https:\/\/bip.mzk.bydgoszcz.pl\/index.php\/wp-json\/wp\/v2\/types\/page"}],"author":[{"embeddable":true,"href":"https:\/\/bip.mzk.bydgoszcz.pl\/index.php\/wp-json\/wp\/v2\/users\/1"}],"replies":[{"embeddable":true,"href":"https:\/\/bip.mzk.bydgoszcz.pl\/index.php\/wp-json\/wp\/v2\/comments?post=616"}],"version-history":[{"count":5,"href":"https:\/\/bip.mzk.bydgoszcz.pl\/index.php\/wp-json\/wp\/v2\/pages\/616\/revisions"}],"predecessor-version":[{"id":623,"href":"https:\/\/bip.mzk.bydgoszcz.pl\/index.php\/wp-json\/wp\/v2\/pages\/616\/revisions\/623"}],"wp:attachment":[{"href":"https:\/\/bip.mzk.bydgoszcz.pl\/index.php\/wp-json\/wp\/v2\/media?parent=616"}],"curies":[{"name":"wp","href":"https:\/\/api.w.org\/{rel}","templated":true}]}}